*u**2 - 2*u - 68. What is s(-33)?
-2
Let x(i) = -2*i - 2. Determine x(2).
-6
Let w(u) = u**3 + 17*u**2 + 14*u - 17. What is w(-16)?
15
Let j(x) = 8*x**2 - x - 11. Determine j(3).
58
Let o(k) = 2*k**2 - 5*k. Give o(-3).
33
Let y(z) = 17*z + 14. Give y(-1).
-3
Let q(i) = 2*i**3 - 3*i + 1. What is q(2)?
11
Let n(t) = -3*t**2 - 24*t. Determine n(-9).
-27
Let i(b) = b + 10. What is i(-9)?
1
Let a(h) = h**3 - 10*h**2 - 8*h - 22. Determine a(11).
11
Let i(f) = 4*f**3 - 3*f**2 + 2*f - 1. Determine i(2).
23
Let i(j) = -15*j + 22. Calculate i(2).
-8
Let b(j) = -3*j**2 - 80*j + 45. Give b(-27).
18
Let g(u) = 2*u**3 + 1. Give g(-1).
-1
Let c(r) = -r**3 - 4*r**2 + 3*r + 6. Determine c(-6).
60
Let x(j) = -j**2 - j + 16. What is x(7)?
-40
Let s(f) = 3*f**2 + 5*f - 5. What is s(-3)?
7
Let w(k) = 2*k**2 - 13*k. What is w(6)?
-6
Let k(p) = p**2 - 10*p - 7. Determine k(9).
-16
Let d(w) = 2*w**3 + 27*w**2 - 12*w + 29. What is d(-14)?
1
Let p(c) = 44*c + 10. Give p(2).
98
Let r(x) = -5*x + 21. Give r(13).
-44
Let u(n) = 3*n + 25. Give u(-14).
-17
Let d(c) = -2*c**2 - 16*c - 16. What is d(-7)?
-2
Let q(s) = s**3 - 21*s**2 + s + 24. Calculate q(21).
45
Let m(j) = j**2 - 8*j + 17. What is m(8)?
17
Let s(j) = j**3 - 3*j**2 + 3*j - 4. Calculate s(2).
-2
Let l(f) = 9*f**2 - 1. Determine l(1).
8
Let i(h) = 2*h**3 - 3*h**2 - 12*h + 27. Give i(3).
18
Let z(a) = a**2 + 8*a - 1. Determine z(-7).
-8
Let x(m) = -2*m. Calculate x(-3).
6
Let q(v) = -2*v**2 + 25*v - 5. Calculate q(11).
28
Let o(c) = -2*c**2 - c + 32. Determine o(0).
32
Let p(k) = -k**2 - 12*k + 28. Determine p(0).
28
Let b(p) = p + 11. Give b(-5).
6
Let x(s) = 3*s + 65. Calculate x(-8).
41
Let v(k) = -k**3 + 6*k**2 - 11*k - 2. What is v(3)?
-8
Let l(g) = 3*g + 5. Determine l(-2).
-1
Let u(d) = 12*d + 61. Calculate u(-5).
1
Let c(w) = 3*w**2 + 16*w - 11. Give c(-9).
88
Let r(z) = 10*z + 10. What is r(-6)?
-50
Let a(r) = 2*r**2 + 10*r + 19. Determine a(-2).
7
Let l(s) = s**2 - 4*s. Calculate l(3).
-3
Let l(i) = -i**2 + 19*i - 10. Determine l(19).
-10
Let u(t) = 2*t**3 + 3*t**2 - 2*t + 3. Determine u(-3).
-18
Let p(d) = -d**3 + 7*d**2 + 7*d - 7. Determine p(7).
42
Let i(j) = 5*j + 19. Determine i(-4).
-1
Let o(x) = -x**2 + 3*x + 22. Give o(7).
-6
Let o(d) = -d**3 + 6*d**2 + 7*d + 3. Calculate o(7).
3
Let k(g) = 12*g - 541. Determine k(45).
-1
Let k(a) = a**2 + 13*a - 6. Calculate k(-14).
8
Let y(w) = 3*w**2 + 6*w + 3. Determine y(-2).
3
Let g(b) = -b**3 + 5*b**2 + 4*b + 1. Give g(6).
-11
Let a(w) = -w - 8. Calculate a(-6).
-2
Let i(f) = -f**3 + 9*f**2 - 9*f. What is i(8)?
-8
Let o(n) = 3*n - 120. What is o(40)?
0
Let l(t) = -18*t + 4. Give l(2).
-32
Let b(o) = -o**3 + 10*o**2 + 8*o + 5. Give b(11).
-28
Let l(z) = 11*z**2 + 3*z - 2. What is l(2)?
48
Let u(b) = -22*b**2 + 2*b + 2. Calculate u(-1).
-22
Let w(u) = -37*u - 116. Determine w(-3).
-5
Let z(d) = -4*d + 79. Determine z(21).
-5
Let j(r) = -11*r - 159. Calculate j(-9).
-60
Let o(i) = i**2 + 11*i + 5. Give o(-4).
-23
Let w(i) = -6*i - 55. What is w(-12)?
17
Let g(x) = 163*x - 495. Calculate g(3).
-6
Let r(l) = 20*l**3 - 2*l**2 + 1. Calculate r(1).
19
Let t(d) = d**3 - 6*d**2 + 4*d - 37. What is t(6)?
-13
Let d(b) = b**3 + 7*b**2 - 9*b + 5. What is d(-8)?
13
Let o(u) = -u**3 - 8*u**2 - 16*u - 16. Give o(-6).
8
Let p(t) = 5*t**3 + 36*t**2 + 14*t + 39. Give p(-7).
-10
Let j(m) = -m**2 + 12*m + 6. Determine j(0).
6
Let m(a) = a**3 - 19*a**2 - 41*a - 22. Determine m(21).
-1
Let w(n) = -3*n**2 - n - 3. Determine w(-3).
-27
Let i(o) = -2*o**2 - 48*o - 91. Calculate i(-2).
-3
Let o(t) = 3*t**3 - 2*t**2 - t + 2. Calculate o(-2).
-28
Let v(k) = 7*k**3 + 8*k**2 + 5*k + 1. Give v(-2).
-33
Let y(a) = 7*a + 1. Give y(-2).
-13
Let l(u) = u**3 + 9*u**2 + 11*u - 4. Calculate l(-7).
17
Let h(v) = -v**3 + 6*v**2 - 3*v + 5. Calculate h(5).
15
Let u(z) = -z**3 + 2*z**2 + z + 7. Calculate u(3).
1
Let g(p) = -8*p - 9. Give g(-2).
7
Let k(y) = -3*y - 5. Determine k(-4).
7
Let s(g) = 22*g - 7. Determine s(1).
15
Let a(g) = -5*g + 23. Calculate a(6).
-7
Let u(d) = d**2 + 12*d + 5. Determine u(-12).
5
Let t(j) = -j**2 + 2*j + 18. What is t(6)?
-6
Let j(v) = -4*v - 8. Give j(-3).
4
Let z(u) = -2*u**2 + 12*u + 8. Determine z(7).
-6
Let l(i) = i**3 + 8*i**2 + 6*i - 9. What is l(-7)?
-2
Let a(u) = 3*u**2 + 22*u - 13. Calculate a(-7).
-20
Let c(m) = -m**3 - m**2 - 37. Calculate c(0).
-37
Let x(u) = -4*u - 4. Determine x(7).
-32
Let z(v) = -v**2 - 5*v - 2. Give z(-7).
-16
Let v(u) = -u**3 + 2*u**2 + 7*u - 6. What is v(5)?
-46
Let t(x) = -10*x**2 + 5*x - 5. What is t(2)?
-35
Let m(r) = 2*r**3 - 22*r**2 - 13*r + 139. Give m(11).
-4
Let p(x) = -2*x + 14. What is p(7)?
0
Let u(n) = -2*n**3 - 35*n**2 - 16*n + 20. What is u(-17)?
3
Let s(o) = 15*o + 5. Calculate s(-8).
-115
Let h(s) = s**3 + 7*s**2 + 2*s + 4. What is h(-7)?
-10
Let d(l) = l**2 - 13*l + 39. Give d(6).
-3
Let g(y) = 50*y**2 + 1. Give g(1).
51
Let g(p) = -p**2 - 3*p + 49. Determine g(6).
-5
Let t(x) = x - 7. Calculate t(8).
1
Let r(t) = 39*t - 199. Determine r(5).
-4
Let g(a) = 3*a - 31. Give g(16).
17
Let w(i) = -i**3 + 6*i**2 + 5*i + 7. Give w(7).
-7
Let a(p) = 15*p - 26. Give a(-8).
-146
Let m(x) = 2*x - 21. What is m(20)?
19
Let n(u) = u**3 + 6*u**2 + 6*u. Give n(-5).
-5
Let k(u) = 2*u - 4. Calculate k(8).
12
Let l(o) = 7*o**2 - 3*o - 5. What is l(-2)?
29
Let r(k) = -k**3 + 15*k**2 - 13*k + 192. Calculate r(15).
-3
Let v(w) = w**3 + 21*w**2 - 25*w - 74. Give v(-22).
-8
Let x(b) = -b**3 + 15*b**2 + b - 32. What is x(15)?
-17
Let a(x) = x**2 + 11*x - 11. Determine a(-11).
-11
Let x(w) = w**2 + 15*w - 39. Determine x(-17).
-5
Let i(c) = 2*c**3 - 22*c - 2. Calculate i(-4).
-42
Let i(l) = -2*l + 1. Determine i(-2).
5
Let m(h) = h**2 - 118*h - 615. What is m(-5)?
0
Let v(h) = -3*h**3 - 50*h**2 + 14*h - 22. What is v(-17)?
29
Let w(t) = -t - 5. Give w(-6).
1
Let t(b) = -289*b - 1727. What is t(-6)?
7
Let s(u) = -u**2 + 19*u - 62. What is s(17)?
-28
Let v(n) = -6*n**2 + 3*n - 6. Give v(3).
-51
Let a(g) = -6*g - 9. Determine a(-7).
33
Let f(j) = -86*j - 421. Calculate f(-5).
9
Let x(g) = -g**3 - 3*g**2 - 4*g - 4. Determine x(-3).
8
Let m(x) = -x**3 + 6*x**2 - 5. What is m(6)?
-5
Let f(c) = -c**3 + 15*c**2 - 4*c + 14. Determine f(15).
-46
Let w(j) = -5*j**2 - j + 1. Calculate w(-1).
-3
Let u(q) = q + 1. Calculate u(-4).
-3
Let y(r) = r**3 + 10*r**2 + 13*r + 18. Calculate y(-9).
-18
Let m(z) = z**2 + 6*z + 7. Calculate m(-6).
7
Let x(w) = w**3 - 6*w**2 + 9*w. Calculate x(6).
54
Let g(u) = -13*u**2 - 402*u + 24. Calculate g(-31).
-7
Let b(g) = -7*g - 80. What is b(-9)?
-17
Let s(w) = w. Give s(7).
7
Let w(h) = 7*h**2 + 15*h + 5. What is w(-3)?
23
Let l(b) = 10*b. What is l(-1)?
-10
Let d(v) = -2*v**2 - v + 1. Determine d(1).
-2
Let z(p) = -p**3 + 4*p**2 + 4*p - 1. Calculate z(5).
-6
Let h(u) = -23*u**2 - 5*u + 4. What is h(1)?
-24
Let b(n) = n**3 - 8*n**2 + 6*n + 13. Give b(6).
-23
Let k(z) = z**3 + 7*z**2 - z + 9. Determine k(-7).
16
Let g(r) = 4*r - 2. What is g(-2)?
-10
Let u(z) = 5*z - 18. What is u(-11)?
-73
Let b(x) = -x**3 + 6*x + 2. What is b(-2)?
-2
Let u(p) = 2*p**3 + 3*p**2 + 3*p - 12. Determine u(2).
22
Let v(g) = -7*g + 4. Determine v(2).
-10
Let j(h) = -3*h - 9. Give j(-7).
12
Let x(i) = i**3 + 4*i - 3. Calculate x(4).
77
Let v(a) = 17*a + 36. Give v(-9).
-117
Let r(t) = -37*t - 2. Give r(-1).
35
Let r(h) = -h**3 + 10*h**2 - 4*h - 103. What is r(8)?
-7
Let v(q) = 3*q**2 + 3*q + 1. Determine v(-6).
91
Let t(r) = r**3 + 6*r**2 - 7*r - 20. Give t(-6).
22
Let a(z) = -z**2 + 14*z - 26. Give a(11).
7
Let i(b) = b**2 - 15*b + 53. What is i(7)?
-3
Let c(n) = -n**2 + n - 17. What is c(0)?
-17
Let q(g) = 4*g**3 + 55*g**2 - 15*g + 4. Determine q(-14).
18
Let k(m) = 24*m - 114. Determine k(5).
6
Let r(s) = -2*s**2 + 65*s - 23. Determine r(32).
9
Let p(a) = 8*a - 59. What is p(7)?
-3
Let s(g) = 14*g**3 + 1. Determine s(-1).
-13
Let d(b) = -35*b - 2. Give d(-2).
68
Let a(w) = -w**2 - 30. What is a(0)?
-30
Let f(x) = -2*x - 5. Determine f(-2).
-1
Let b(l) = 2*l**2 - 14*l + 13. Determine b(6).
1
Let k(p) = -p**3 + 8*p**2 + 10*p - 4. Calculate k(9).
5
Let v(q) = 12*q**2 + 4*q - 10. Calculate v(3).
110
Let n(b) = 21*b - 192. What is n(10)?
18
Let z(x) = -4*x - 3. Calculate z(8).
-35
Let p(c) = 5*c**2 - 4*c + 3. Calculate p(3).
36
Let r(w) = -w